64 = -2*c. List the prime factors of c.
2, 29
Let a(h) = 92*h**3 + 6*h**2 - 2*h - 10. What are the prime factors of a(4)?
2, 19, 157
Let h(d) = 2 + 4*d + 0*d**3 - d**3 + 3*d**2 - 2*d. Let t = -12 + 10. What are the prime factors of h(t)?
2, 3
Let a(o) be the third derivative of o**6/120 - 3*o**5/20 + o**4/8 - 11*o**3/6 - 21*o**2. List the prime factors of a(9).
2
Let x(h) = 25*h + 81. What are the prime factors of x(17)?
2, 11, 23
What are the prime factors of (185/(15/(-3)))/(6/(-402))?
37, 67
Suppose m + m - 10 = 0. Let g be (-2)/(-8) + (-133)/(-28). List the prime factors of (33/m + -3)*g.
2, 3
Suppose 2*w + 6*o - 42 = o, 3*w + 5*o - 58 = 0. What are the prime factors of (264/w + -3)/(1/2)?
3
List the prime factors of (-1 + -41 + -2)*(-53 + 19).
2, 11, 17
Suppose -2*k - 1911 = -4*o + 1419, 5*k - 1647 = -2*o. What are the prime factors of o?
3, 277
Suppose 4*l - 3*w + 0*w = 15, 4*w + 10 = 2*l. Suppose c - l*m + 71 = 2*c, 0 = 5*c - 4*m - 317. Suppose 2*g - c = -19. List the prime factors of g.
23
Suppose -1981 = -4*x - s, 0 + 5 = 5*s. What are the prime factors of x?
3, 5, 11
Suppose 1 = o, 0 = 3*r - 2*o - 3*o - 244. What are the prime factors of 4 + (-7)/1 + r?
2, 5
Suppose -15*f = -20*f + 1905. List the prime factors of f.
3, 127
Let d(r) = r**3 + 6*r**2 - 6*r + 6. Let o be d(-7). Let i(t) = -3*t - 34*t + 3*t - 2 - 2*t. What are the prime factors of i(o)?
2, 17
Suppose 2 = -5*b - 4*n - 2, 0 = -2*b - 5*n - 5. Suppose 7*j - 2*j - 10 = b. List the prime factors of j.
2
Let l be (-4)/(-8) + (0 - 42/(-4)). Suppose l*w - 220 = 6*w. What are the prime factors of w?
2, 11
Let b(z) = -z**3 - z**2. Let w be b(-2). Let x(r) = 4 - 3 + w - 4*r - r**2. List the prime factors of x(-4).
5
Suppose 3*i - 103 = -x, -5*i - 3*x = -x - 172. Let g = 146 - i. What are the prime factors of g?
2, 7
List the prime factors of 5/120*6 + 3662/8.
2, 229
Let k = -74 - -92. Let r(w) = w**2 - 14*w - 30. What are the prime factors of r(k)?
2, 3, 7
Suppose -4*x + 200 = -4*d + 5*d, 6 = 3*x. List the prime factors of d.
2, 3
Let n be 94 + ((-2)/(-1))/((-3)/6). Let t = 260 - n. List the prime factors of t.
2, 5, 17
Let d = 297 - 137. Suppose 0 = -3*z - 2*z + d. Suppose 0 = -4*u - 0*u + z. List the prime factors of u.
2
Let l(h) = 383*h**3 - 5*h**2 + 3*h - 1. List the prime factors of l(1).
2, 5, 19
Let z = -196 - -471. Let u = -119 + z. What are the prime factors of u?
2, 3, 13
Let x(s) = s**2 + 7*s - 6. Let c be x(-7). Let p = 0 - 4. List the prime factors of p/c - (-248)/6.
2, 3, 7
Let f = -19 + 21. Let l be (-3)/1*f/(-3). Suppose -4 = l*q - 36. List the prime factors of q.
2
Let c be 22/8 - 18/24. Suppose -4*h + c*o + 3*o + 11 = 0, -5 = -2*h + 3*o. List the prime factors of ((-57)/12)/((-1)/h).
19
Let i = 375 + -227. Suppose -3*z + i = z. Let p = -23 + z. List the prime factors of p.
2, 7
Suppose 10 - 70 = 6*k. What are the prime factors of ((-6)/15)/(1/k)?
2
Let m(v) = -11*v + 13*v + 5*v**2 + 1 + 0*v**2. Let d(n) = -n**3 + 3*n**2 - 3*n + 7. Let b be d(3). List the prime factors of m(b).
17
Let m be (-4)/(-18) - (-32)/18. Let h(u) = -3 - 7 + u**m + 0 - 2*u. What are the prime factors of h(-5)?
5
List the prime factors of ((-187)/(-68))/((-2)/(-464)).
2, 11, 29
Suppose 2*c + 5*u = -36, c + 2*u = -2*u - 18. Let l = c - -22. Suppose -3*p = -l*x + 135, 0 = 5*x - 0*p - 5*p - 170. List the prime factors of x.
3, 11
Let a(m) = -m**2 - 16*m - 8. Let q be a(-14). Suppose -i + 24 = -q. Suppose -8*p + 76 = -i. List the prime factors of p.
3, 5
Let x = -29 - -31. Suppose 2*f - 9 = l, x + 13 = 4*f + l. Suppose 4*v - v + 4*j - 210 = 0, -f*v = 2*j - 290. List the prime factors of v.
2, 37
Suppose 5*y + 2*q + 10 = 4*q, 5*y - 25 = -5*q. Suppose -n = y, -x + 5*n + 13 = 4*n. Suppose 3 = -5*g + x. What are the prime factors of g?
2
Suppose r + 4 = 8. Suppose -2*l + 713 = 5*t, 2*t = l + r*l + 291. Suppose -2*f + t = 25. What are the prime factors of f?
59
Let b(u) = u**3 - 6*u**2 - 4. Let s be b(8). Let n = s + -50. What are the prime factors of n?
2, 37
Let o = 163 - -1468. List the prime factors of o.
7, 233
Suppose 26*j = 73*j - 27542. List the prime factors of j.
2, 293
Let o = -2421 - -4091. Suppose 385 = -5*i + o. List the prime factors of i.
257
Suppose k - 1862 = -2*b - 0*b, 5*k - 3*b - 9245 = 0. What are the prime factors of k?
2, 463
Suppose -35*l = 195 - 19410. List the prime factors of l.
3, 61
Suppose -4*d + 8*d = 0, -176 = 4*r + 3*d. Let v = r + 28. What are the prime factors of (-12)/v + (-194)/(-8)?
5
What are the prime factors of (0 - (-8571)/(-15))/(21/(-105))?
2857
List the prime factors of (0 - 6 - -11)*(-1004)/(-10).
2, 251
Let z be (-8)/12*(-6)/(-4). Let u = 0 - z. Let c(k) = k**2 + 3*k - 2. List the prime factors of c(u).
2
Let d be -5 + 2 + 2 + 1. Suppose d = -3*b - 3*j + 285, -5*b = -b + 5*j - 382. List the prime factors of b.
3, 31
Suppose 0 = 3*b - r - 830, -4*b + 52 + 1059 = 3*r. List the prime factors of b.
277
Let n(i) = i**3 - 8*i**2 + 11*i + 9. Let f be n(6). Suppose 0 = 5*y + 15, -4*k + 159 = f*y - 56. What are the prime factors of k?
2, 7
Let m(v) = -v**2 + 12*v - 7. Let n(j) = -j - 1. Let r(i) = m(i) + 4*n(i). Let z be r(5). Suppose -3*p + z = -x, 0 = x - 2. List the prime factors of p.
2
Suppose k - 2*k = -16. List the prime factors of 57*2*8/k.
3, 19
Let s(z) = -5*z**3 - 18*z**2 + 6*z + 11. Let w(p) = 11*p**3 + 37*p**2 - 13*p - 23. Let k(v) = 13*s(v) + 6*w(v). List the prime factors of k(12).
5
Suppose -123 = -4*t + 13. What are the prime factors of t?
2, 17
Suppose 0*f - 80 = -8*f. What are the prime factors of f/(-35) - 2440/(-14)?
2, 3, 29
Let c = -212 - -123. Let x = c - -145. What are the prime factors of x?
2, 7
What are the prime factors of 1 + 1032*1 - 2?
1031
Let t = 344 + -30. Suppose 3*y - 2*a = 334, 4*a = 3*y + 6*a - t. List the prime factors of y.
2, 3
Suppose -47*f - 1458 = -50*f. What are the prime factors of f?
2, 3
Let j be 4/(4 + -8) + 3. Suppose -j*p + 4*g + 146 = 0, -269 + 2 = -4*p + 3*g. What are the prime factors of 26/3*p/42?
13
Let a(d) = 42*d + 31. List the prime factors of a(9).
409
Suppose -3*y = -2*y - 122. Let j = -81 + y. What are the prime factors of j?
41
Let z(b) = -b**2 - 15*b + 33. Let d be z(-10). Let s = d + -31. What are the prime factors of s?
2, 13
Let y(u) = -102*u**3 - 4*u**2 + 2*u + 6. Let d(n) = 103*n**3 + 3*n**2 - 2*n - 5. Let h(m) = -4*d(m) - 3*y(m). List the prime factors of h(-1).
2, 53
Suppose -1 = 5*i + t - 27, 38 = 3*i - 5*t. Let b(z) = -z**3 - z**2 + z. Let d be b(-2). What are the prime factors of (-1 + i)*(d + -1)?
5
Suppose -186*n - 15 = -189*n. Suppose 1020 = n*l + 105. What are the prime factors of l?
3, 61
What are the prime factors of 2/(2/61) + 6?
67
Let y = 16 + -28. Let n be (-24)/(-20)*80/3. What are the prime factors of (2 - n/y)*6?
2, 7
Let c = -98 + 171. List the prime factors of c.
73
Let v be (-4)/14 + (-111)/(-21). Let b(k) = -k**2 - 31*k - 202. Let o be b(-12). Suppose v*u = 99 + o. List the prime factors of u.
5
Suppose 16*z + 8481 - 108465 = 0. What are the prime factors of z?
3, 2083
List the prime factors of 0 + (-10)/(-25) + (-55638)/(-30).
5, 7, 53
Let n(v) = -4*v + 22. Suppose 2*y - 24 = 4*m + 6, -42 = 3*m + 5*y. List the prime factors of n(m).
2, 29
Suppose 255 = -5*w + 2450. What are the prime factors of w?
439
Let h = 6076 - 3941. List the prime factors of h.
5, 7, 61
Let n(o) = -o**3 + 9*o**2 - 7*o + 3. Let m be n(5). Suppose -s - s = -m. Suppose r + r - s = 0. What are the prime factors of r?
17
Let j = 2 + -3. Let b be (0/j)/(6/(-6)). What are the prime factors of (8 - b)*(2 + 2)?
2
List the prime factors of (0 - 2) + (220 - (-8)/(-8)).
7, 31
Let o(s) be the second derivative of s**5/20 + s**4 + 13*s**3/6 + 9*s**2 - 2*s. What are the prime factors of o(-9)?
2, 3
Let y = 43 + -41. Suppose -4*f - y*f = -756. List the prime factors of f.
2, 3, 7
Suppose 26*a = 28*a - 20. Suppose a = 14*p - 144. What are the prime factors of p?
11
Suppose 32*j + 37926 = 75*j. What are the prime factors of j?
2, 3, 7
Suppose 2*w + 10 = 16. Let b(h) = 2*h**2 + 10 - w - 4*h**2 + 3*h**2. List the prime factors of b(-5).
2
Let r = 30 + -8. Suppose -r = -v + 2*b, -b = -0*v - v + 19. What are the prime factors of v?
2
Let g(u) = -u**3 - 21*u**2 - 21*u + 2. Let r(f) = f**3 - 6*f**2 + 5. Let i be r(5). 